3 - 4*n**2 + 22*n + 65. What is c(-6)?
5
Let t(k) = k**2 - 3*k - 4. Determine t(-2).
6
Let d(b) = b**2 + 96*b + 372. What is d(-92)?
4
Let g(u) = -45*u**2 - u + 7. Give g(0).
7
Let d(l) = 2*l + 68. Give d(-30).
8
Let u(x) = 8*x + 44. Give u(-10).
-36
Let p(j) = j**2 - 23*j - 5. What is p(21)?
-47
Let f(i) = i**2 - i - 12. Determine f(-4).
8
Let k(w) = -w**3 - 35*w**2 - 35*w - 38. Calculate k(-34).
-4
Let v(b) = b**3 - 7*b**2 + 8*b - 5. Calculate v(6).
7
Let t(b) = 53*b - 186. Calculate t(3).
-27
Let z(b) = -b**2 - 12*b - 4. Give z(0).
-4
Let t(k) = k - 2. What is t(-3)?
-5
Let b(y) = 2*y**2 - 7*y - 16. Calculate b(5).
-1
Let a(u) = -u**2 - 5*u - 1. What is a(-4)?
3
Let s(a) = -31*a - 4. Give s(0).
-4
Let y(p) = -p**3 + 6*p**2 - 14*p + 39. Determine y(5).
-6
Let z(o) = o**3 + o**2 - 2*o - 1. Give z(3).
29
Let k(u) = -24*u - 13. Calculate k(-5).
107
Let y(n) = n**2 + 16*n - 19. Calculate y(-17).
-2
Let t(l) = 9*l + 1. What is t(-1)?
-8
Let a(s) = -s**2 - s. Give a(-1).
0
Let d(q) = q**3 + 5*q**2 - q - 9. Calculate d(-5).
-4
Let f(o) = -o - 6. Calculate f(-3).
-3
Let v(j) = 4*j**2 - 2. What is v(3)?
34
Let n(h) = -h**2 + 15*h - 19. What is n(13)?
7
Let d(m) = 2*m**3 + 13*m**2 - 4*m - 11. Calculate d(-7).
-32
Let v(k) = k**2 + 10*k - 4. What is v(-8)?
-20
Let t(v) = -v**3 + 12*v**2 - 22*v + 30. Calculate t(10).
10
Let p(f) = -f**3 - 7*f**2 + 18*f - 2. Determine p(-9).
-2
Let c(s) = -s**2 - s - 2. Give c(-2).
-4
Let t(c) = -c**3 + 2*c**2 + 4*c - 4. Determine t(2).
4
Let w(u) = -10*u + 446. What is w(45)?
-4
Let a(v) = v**2 + v - 24. Determine a(4).
-4
Let w(p) = -4*p**2 - 28*p - 16. Calculate w(-6).
8
Let m(k) = -2*k**2 + 4*k + 12. Calculate m(6).
-36
Let y(q) = -q**3 - 10*q**2 - 6*q - 14. Determine y(-10).
46
Let q(p) = -p**2 + p + 60. Give q(8).
4
Let k(x) = 2*x**2 - 33*x + 57. What is k(15)?
12
Let u(k) = 2*k**3 - 44*k**2 - 2*k + 46. Determine u(22).
2
Let b(o) = o**3 - 5*o**2 + 2*o - 7. What is b(5)?
3
Let f(g) = -g**2 + 5*g + 9. What is f(7)?
-5
Let o(h) = -h**3 - 11*h**2 + 17*h - 21. Calculate o(-12).
-81
Let x(i) = -11*i + 9. Give x(-8).
97
Let m(w) = w**2 - 8*w - 2. What is m(8)?
-2
Let i(a) = -44*a**3 - 3*a**2 - 2*a. Give i(-1).
43
Let s(y) = y**2 + 6*y + 6. Determine s(-6).
6
Let j(h) = -9*h - 52. What is j(-7)?
11
Let w(i) = 2*i**3 + 3*i**2 + 2*i - 2. Determine w(3).
85
Let v(k) = -k**3 - k + 2. Give v(0).
2
Let j(t) = 2*t**2 - 4*t. Give j(5).
30
Let h(g) = -2*g**2 - 3*g + 3. What is h(-3)?
-6
Let c(w) = -4*w**2 + 42*w + 16. What is c(11)?
-6
Let r(d) = -d**2 + 4*d - 3. What is r(5)?
-8
Let c(y) = -y**3 + 2*y**2 + 23*y + 1. Give c(6).
-5
Let c(g) = -2*g**3 - 31*g**2 + 14*g - 44. What is c(-16)?
-12
Let v(m) = -m**2 - 14*m - 23. Calculate v(-13).
-10
Let b(m) = 2*m + 19. Calculate b(0).
19
Let v(d) = 2*d**2 - 5*d - 4. Calculate v(3).
-1
Let q(x) = x**3 - 3*x**2 + 6. Calculate q(3).
6
Let m(n) = n + 18. What is m(-14)?
4
Let r(x) = -x**2 + 25*x - 11. What is r(23)?
35
Let x(v) = -5*v - 9. What is x(-5)?
16
Let l(c) = -37*c**3 - 6*c**2 - 2*c. Give l(-1).
33
Let p(j) = j**2 + 20*j + 70. Calculate p(-16).
6
Let w(f) = f**2 - 14*f - 13. What is w(16)?
19
Let a(m) = -6*m**2 - 2*m + 1. What is a(1)?
-7
Let q(z) = z**3 - 10*z**2 + 13*z + 2. What is q(9)?
38
Let y(l) = l**3 + 11*l**2 + 10*l + 3. Give y(-10).
3
Let g(t) = -t**2 + 15*t + 8. Give g(16).
-8
Let n(r) = -29*r**3. Determine n(1).
-29
Let j(m) = m**3 + 3*m**2 + m - 1. Give j(-4).
-21
Let b(w) = 3*w - 4. Determine b(-5).
-19
Let b(i) = i + 44. Calculate b(-15).
29
Let n(i) = i**2 - i + 4. Determine n(2).
6
Let s(q) = 2*q**2 - 6*q - 19. Give s(5).
1
Let k(x) = 5*x**2 - 10*x + 5. Determine k(3).
20
Let i(x) = x**3 + 4*x**2 + 3*x + 2. What is i(-3)?
2
Let g(d) = -4*d + 38. Give g(9).
2
Let l(i) = i**3 + 37*i**2 - 38*i + 70. Determine l(-38).
70
Let q(i) = i**2 + 13*i - 8. Give q(-16).
40
Let o(u) = 2*u**2 + 1. Give o(1).
3
Let q(g) = 3*g**3 + 48*g**2 - g - 7. Determine q(-16).
9
Let d(n) = -n**3 + 6*n**2 + 13*n + 1. Give d(-2).
7
Let t(p) = -p**3 - 49*p**2 + p + 29. Calculate t(-49).
-20
Let d(n) = n**3 + n**2 + 10*n + 10. What is d(-3)?
-38
Let f(w) = 86*w + 599. What is f(-7)?
-3
Let s(v) = -12*v + 3. Calculate s(3).
-33
Let o(l) = -l**3 + 12*l**2 - 11*l - 2. Determine o(11).
-2
Let z(w) = 4*w**2 - 24*w + 16. Determine z(7).
44
Let r(a) = -a**3 - 5*a**2 - 2*a + 8. What is r(-5)?
18
Let s(t) = -t**3 + 22*t**2 + 25*t - 39. Calculate s(23).
7
Let u(o) = o**3 - 13*o**2 + 22*o - 18. Determine u(11).
-18
Let a(o) = -o**2 + 5*o + 12. Calculate a(0).
12
Let x(m) = 4*m - 2. What is x(2)?
6
Let q(r) = 22*r**2 - 92*r + 10. Calculate q(4).
-6
Let j(l) = 9*l - 108. What is j(12)?
0
Let v(h) = -h**3 + 9*h**2 + 8*h + 15. Give v(10).
-5
Let r(n) = -n**3 + 3*n**2 + 13*n. What is r(-2)?
-6
Let o(a) = -2*a + 11. Calculate o(3).
5
Let p(o) = -o**3 - 2*o**2 + 2*o - 37. Calculate p(0).
-37
Let a(s) = -s**2 + 100*s + 422. Give a(-4).
6
Let d(v) = 7*v**3 + 4*v - 3. What is d(2)?
61
Let p(h) = -2*h - 17. Calculate p(-10).
3
Let s(r) = -52*r - 18. What is s(-1)?
34
Let k(n) = -7*n**3 + 8*n**2 - 3*n + 2. Calculate k(3).
-124
Let w(g) = -5*g - 12. Calculate w(-8).
28
Let r(u) = -26*u**2. Determine r(-1).
-26
Let s(p) = -10*p + 33. Determine s(3).
3
Let t(o) = 2*o**2 + 26*o + 29. What is t(-14)?
57
Let w(o) = -19*o + 73. Calculate w(4).
-3
Let y(x) = 6*x - 38. Determine y(6).
-2
Let a(f) = -12*f**3 - 3*f**2 - 3*f - 1. Determine a(-1).
11
Let d(t) = -60*t - 473. What is d(-8)?
7
Let n(b) = b**2 - 3*b - 61. Give n(-7).
9
Let k(o) = 6*o - 5. Calculate k(2).
7
Let h(a) = 2*a**3 - 33*a**2 + 17*a - 28. Calculate h(16).
-12
Let l(w) = 2*w**2 + w - 16. What is l(-7)?
75
Let x(y) = -10*y + 17. Calculate x(3).
-13
Let g(i) = -2*i**2 + 2*i + 10. Give g(5).
-30
Let t(f) = f**2 + 23*f - 190. What is t(-29)?
-16
Let p(b) = -2*b**2 + 4*b - 2. Calculate p(0).
-2
Let j(y) = y**2 - 10*y - 13. Determine j(15).
62
Let a(n) = -7*n**2 - 4*n - 2. Determine a(-1).
-5
Let h(j) = -j**2 + 6*j. What is h(3)?
9
Let q(a) = a**3 + 5*a**2 + a + 10. Calculate q(-4).
22
Let i(z) = z**2 + 13*z + 26. Determine i(-9).
-10
Let x(a) = -5*a + 22. Determine x(4).
2
Let q(a) = 5*a**2 - 41*a - 94. Calculate q(10).
-4
Let y(v) = -v**3 + 38*v**2 - 138*v + 77. What is y(34)?
9
Let g(b) = b**2 - 4*b - 8. Determine g(6).
4
Let j(m) = m**3 - 16*m**2 - 12*m + 2. What is j(17)?
87
Let o(z) = z**2 - 11*z - 17. Calculate o(13).
9
Let m(s) = -s**3 + 8*s**2 - 3*s. What is m(7)?
28
Let w(n) = n**3 + 8*n**2 - 8*n + 21. Calculate w(-9).
12
Let u(m) = 9*m - 81. What is u(10)?
9
Let b(o) = -3*o + 44. Give b(18).
-10
Let u(j) = j + 3. Calculate u(0).
3
Let n(y) = -20*y**2 - y. Give n(-1).
-19
Let h(o) = o**3 + 14*o**2 - 18*o - 43. What is h(-15)?
2
Let c(k) = k**2 - 10*k - 6. Give c(8).
-22
Let t(g) = -17*g + 44. Calculate t(3).
-7
Let r(v) = -v**3 - 8*v**2 + 6*v - 19. What is r(-9)?
8
Let d(k) = 28*k + 46. Calculate d(-2).
-10
Let q(g) = 9*g - 321. Calculate q(36).
3
Let z(v) = -v**3 - 2*v**2 - v + 10. What is z(0)?
10
Let z(h) = h**3 + 5*h**2 + 6*h + 3. Give z(-4).
-5
Let b(x) = x**2 + 12*x + 10. Give b(-13).
23
Let x(c) = -23*c + 32. What is x(0)?
32
Let t(s) = s**3 - 5*s**2 - 14*s + 7. What is t(7)?
7
Let l(u) = 4*u - 43. Give l(11).
1
Let w(y) = y**2 - 35*y + 164. Determine w(30).
14
Let i(t) = -6*t - 4. What is i(-2)?
8
Let k(x) = x**2 + 3*x - 7. What is k(-5)?
3
Let c(s) = 6*s - 22. What is c(2)?
-10
Let l(z) = 6*z. Calculate l(-2).
-12
Let x(o) = -o**3 - 44*o**2 + 86*o - 279. Give x(-46).
-3
Let b(k) = k**3 + k**2 - 58*k - 16. Calculate b(-8).
0
Let f(d) = 6*d - 9. What is f(27)?
153
Let w(h) = -2*h**3 - 2*h**2 + 3*h - 1. Give w(0).
-1
Let p(n) = n - 11. Give p(9).
-2
Let r(f) = f**3 - 4*f**2 - 6*f - 42. Calculate r(6).
-6
Let o(s) = -s**3 - 20*s**2 - 7*s - 60. Determine o(-20).
80
Let g(o) = -4*o - 14. Determine g(-4).
2
Let x(d) = -19*d - 4. What is x(-2)?
34
Let n(l) = -2*l**2 - 2*l. Calculate n(-3).
-12
Let g(s) = -10*s**2 - 331*s - 24. Give g(-33).
9
Let p(n) = -9*n + 7. What is p(-6)?
61
Let w(m) = -m**3 + 7*m**2 - m - 7. Calculate w(7).
-14
Let d(x) = 36*x + 431. Determine d(-12).
-1
Let o(v) = -14*v**2 + 2*v + 1. Calculate o(-1).
-15
Let n(h) = -2*h + 12. Calculate n(-9).
30
Let d(q) = -q + 67. Calculate d(11).
56
Let p(q) = -q**3 + 3*q + 1. Give p(2).
-1
Le